)/45 - -6) composite?
False
Suppose 0 = -9*a + 5*a + 20. Suppose a*t = 27 + 1068. Is t composite?
True
Let i = 151 + -322. Let n = -117 - i. Suppose 5*g = -15, 2*g + 291 = 3*o - n. Is o a composite number?
False
Let d = -268 + -44. Let w = 1713 + d. Is w a composite number?
True
Is -1 + 3277 + -5*(-1)/(-1) prime?
True
Let p be (-3)/(((-24)/10)/(-4)). Is (-533)/(-4)*p/(20/(-16)) composite?
True
Suppose 0*f = f - 61. Let v = -6 + f. Is v composite?
True
Suppose 9*h = 7*h + 8. Let v be 1/((-1)/(2 - h)). Suppose 25 + 129 = v*o. Is o composite?
True
Let l be 18/63 - (-19)/7. Suppose -1199 = -l*x + 94. Is x a prime number?
True
Let i(q) = -q**2 - 8*q - 3. Let z be i(-7). Suppose -2*f + 2*b = -1940, 0 = z*b + 3 + 9. Is f a composite number?
False
Suppose n + 3 = 2*f, -2*n = 3*n - 4*f - 3. Suppose 2*b = -i + 4, 0*b = 4*i + n*b - 6. Let x(w) = w**2 + 613. Is x(i) a prime number?
True
Let d = 19 + -22. Let q be -3 - d*(2 + -1). Suppose -2*a - 3*s + 1600 = q, 0*a + 3178 = 4*a - 5*s. Is a prime?
True
Suppose 0 = 3*m + 3*m - 18. Suppose 3*a - 954 = -5*z, -a + 2*a + m*z - 314 = 0. Is a composite?
True
Let b be 3*1 - (1 + 2). Suppose 2*l + 3*z - 3 - 4 = b, 2*l - 11 = z. Suppose 0 = -l*o + 5*k + 50, -4*o = -2*o - 3*k - 23. Is o composite?
False
Let g(d) = d**2 - 2*d + 11. Let q(z) = -3 - 2*z + z - 1. Let f be q(4). Is g(f) composite?
True
Suppose -4*o - 1194 = 534. Let s = o + 883. Is s composite?
True
Let x(g) = -64*g + 26*g - 3*g + 35 - 60*g. Is x(-6) composite?
False
Suppose 0*q + 4*c = -2*q + 8, 4*q - 5*c - 68 = 0. Is (-10)/((q/(-43))/6) prime?
False
Suppose 172 + 143 = 3*k. Let v = k - 40. Is v a composite number?
True
Let g(q) = -175*q - 58. Is g(-13) composite?
True
Let d = 146292 + -102931. Is d prime?
False
Let b(g) = 3*g**2 + 2*g + 2. Let t be b(6). Suppose -10*n + 1104 = -26*n. Let f = t + n. Is f prime?
True
Is (-4 - (-389352)/40)*5 composite?
False
Suppose -h - 10 = a - 4*h, a + 5*h + 10 = 0. Let y = a - -13. Suppose y*c = 2*c + 203. Is c a prime number?
False
Let t(a) = 538*a**2 - 21*a + 35. Is t(-6) composite?
True
Let u be -3*(-4)/24*4. Suppose t - 9 = u*z, -2 = z - 0*z. Suppose -t*g + 28 = -3*g. Is g a composite number?
True
Suppose 80 = 5*a - 5*z, 2*a - z - 20 = -2*z. Suppose a = -3*p - 75. Is p*-1*(-7)/(-1) a prime number?
False
Let i(d) = 2*d**3 - 22*d**2 + 26*d + 3. Let q(r) = r**3 + 5*r**2 - 5*r - 11. Let n be q(-5). Is i(n) composite?
False
Suppose 0 = -4*w - 3*h - 103 + 301, 49 = w + h. Is w composite?
True
Let b be 21*(6/9 - 0). Let i be b/(-4)*-38 - 0. Let n = i + -42. Is n a prime number?
False
Suppose 0 = 2*g - 5*g - 189. Let j = g - -26. Let i = -6 - j. Is i composite?
False
Suppose 0 = -8*r + 10*r - 1224. Let i = 2206 - r. Is i prime?
False
Suppose 4*w - 3*o - 149855 = 0, 16*w - 4*o = 13*w + 112393. Is w composite?
False
Suppose 102*m - 96*m = 286422. Is m composite?
False
Let y(b) be the third derivative of 215/6*b**3 + 7*b**2 + 1/120*b**6 + 0 + 1/24*b**4 + 0*b - 1/60*b**5. Is y(0) a prime number?
False
Suppose -2*b = -0*b - 6. Let s(t) = 98*t + 5. Is s(b) composite?
True
Let x = 265 + 122. Let h = x + 62. Is h a composite number?
False
Let q = 1609 + -702. Is q a prime number?
True
Suppose -15 = -11*q + 6*q. Is ((12 - -3)/q)/(2/106) a prime number?
False
Let r = 6 + -1. Let v(q) = -1. Let i(z) = -167*z - 7. Let c(y) = -i(y) + 3*v(y). Is c(r) prime?
True
Let j be (-5)/(-15) - 10822/(-6). Suppose -14*m + j = -10*m. Is m a prime number?
False
Let n(i) = 2*i - 19. Let y be n(9). Is 404 - (3 + y - -1) composite?
False
Suppose -5*f + 3*f = -104. Suppose -7*o + 3*o + f = 0. Is o a composite number?
False
Let w(f) = 52*f + 3. Let q(v) = 17*v + 1. Let o(c) = -11*q(c) + 4*w(c). Is o(4) composite?
True
Let j be 1 + 12 + (-3 - -4). Suppose j = 2*i - 0*i. Is (-2)/(-3)*357/i prime?
False
Suppose 4*d - 11101 = 1335. Is d a composite number?
False
Let s = 1013 + 354. Suppose 4*q - 2744 = -4*o, -2*q - o + 4*o = -s. Is q prime?
False
Let r = 18 + -10. Let a = 62 + 246. Suppose 12*z = r*z + a. Is z composite?
True
Suppose 0 = 9*c + 20223 - 280440. Is c a composite number?
True
Suppose -3 + 5 = i. Suppose -i*s + 633 = -39. Let j = s + -119. Is j a composite number?
True
Suppose 0 = 3*b - 2*a - 32, -3*a - 1 = -2*a. Let o = b - 7. Suppose o*z - 476 = 139. Is z a prime number?
False
Suppose -7*w - 105 + 301 = 0. Let r = 31 - w. Is (11/r)/(5/75) composite?
True
Is (-1 - -6 - 441)/(-4) prime?
True
Let z be (0 - -4)*(-1 - -2). Suppose 0 = -g + f, -2*g + 16 + z = 2*f. Suppose 0 = 2*r + g*l - 107, -3*r - 5*l = 17 - 175. Is r a prime number?
False
Let r = -2182 + 1288. Let y = r - -2947. Is y prime?
True
Suppose 0 = 12*t - 33 - 675. Suppose 0 = -3*s - t + 1565. Is s a prime number?
False
Let j(f) = 436*f**2 - 27*f - 5. Is j(-8) prime?
False
Suppose 2*l + l - 9 = 0, 5*z - 2*l = 269. Suppose -52*g - 1185 = -z*g. Is g a composite number?
True
Let w(a) = 13*a**2 + 8*a + 66. Is w(11) a composite number?
True
Let q(y) = 89*y**3 + 23*y - 73. Is q(6) a prime number?
True
Let u(f) = 337*f**2 + 8*f - 9. Is u(-4) prime?
True
Let f(m) = 4*m**3 + 12*m**2 - m + 22. Is f(11) a composite number?
True
Suppose g - 8 = -g. Suppose -2120 = -g*z - 4*z. Is z a prime number?
False
Suppose -3*n - 2*n + 20 = 0. Is (5 - n)/((-2)/(-586)) a composite number?
False
Suppose 2*o - 526187 = -3*b, -2*b = 6*o - 8*o - 350808. Is b composite?
True
Is ((-48878)/(-10))/(14/70) a prime number?
True
Suppose 3*f + 0*f - 354 = 0. Suppose 2*p = p + 4*x + 163, x + 172 = p. Let i = f + p. Is i prime?
True
Is (-6)/2 - (-7 - -14 - 4088) composite?
True
Let h = 2247 + 1312. Is h a prime number?
True
Let d(g) = -9*g + 7. Let s(v) = 4*v - 4. Let c(y) = -6*d(y) - 14*s(y). Let z be c(7). Suppose 3*m - 2*k - 207 = 0, z = k - 6*k. Is m composite?
True
Suppose 3*g - 440 = y, g - 165 = 6*y - 2*y. Suppose -5*q + 5595 = g. Suppose 3*x - q = x. Is x composite?
True
Let d be (32/(-2))/(4/(-106)). Let t be ((-46)/(-4))/(6/108). Let m = t + d. Is m composite?
False
Let t be (-5616)/13*(-3)/(-4). Let p = -87 - t. Is p a prime number?
False
Let z(l) be the second derivative of l**4/4 - 2*l**3/3 - 21*l**2/2 + 19*l. Is z(8) a composite number?
False
Let m = -2933 + 14432. Is m composite?
True
Suppose 20*c = -11835 + 52775. Is c a composite number?
True
Let q(p) = p - 383. Let f(y) = 1. Let v(o) = -6*f(o) - q(o). Is v(0) prime?
False
Suppose -m = -2*b + 18892, -49*m + 18886 = 2*b - 47*m. Is b composite?
True
Suppose -4*t + 27 = -t. Suppose -s - t = -u, -2*u + 2*s + 3*s = -33. Is u/(-14) + 625/7 a prime number?
True
Suppose -3757 = -5*t - 0*v + 2*v, 5*t - 5*v - 3745 = 0. Is t a composite number?
True
Suppose -41*g = -7*g - 27914. Is g a composite number?
False
Let v = 15765 + 22. Is v prime?
True
Let b = 1152 - -107. Is b a prime number?
True
Is 9692*(-8)/40*(-10)/4 a composite number?
True
Let k(a) be the third derivative of -a**6/120 + a**5/12 - a**4/12 + 7*a**3/6 - 6*a**2. Let z be k(-5). Let s = -182 + z. Is s a composite number?
True
Is (51*2/24)/(2/24) a prime number?
False
Let h = 37725 - 15382. Is h prime?
True
Suppose 0 = -5*a - 5*k + 5, 0 = -3*k - 2*k - 15. Suppose 5*l + a*d = 452 + 421, -3*l + 4*d = -543. Is l a prime number?
False
Let x(q) = 57*q + 14. Let l be x(7). Suppose 2*m - l = 3*a, -4*m + 3*m - 3*a = -184. Is m composite?
False
Let c(x) = -x**2 - 14*x - 9. Let o = -6 - 1. Let h be c(o). Let d = h - -49. Is d prime?
True
Let j(p) = 6*p**3 + p**2 - p - 1. Let t be j(-1). Is (-9445)/(-20) + t + 1/(-4) composite?
False
Let s(x) = -5 + 4*x**2 - 27*x + 6*x + 9*x**2 - x**3 + 15*x. Let b be (2/5)/(2/60). Is s(b) prime?
True
Suppose -836505 = -12*n - 33*n. Is n composite?
True
Let c = 6 - 2. Let v = 3 - c. Is (3 - 3)/v + 111 a prime number?
False
Let x(k) be the third derivative of -67*k**4/24 + 2*k**3/3 - 4*k**2. Suppose 1 - 10 = 3*c. Is x(c) a prime number?
False
Let l be 624*(15/9 - 1) - -2. Let r = l + -207. Is r a composite number?
False
Is 3 + 3/((-6)/4) + 66 prime?
True
Let s(d) = -d**3 + 7*d**2 - 4*d - 2. Let i be s(3). Let o = i + -28. Let v(l) = 4*l**2 - 13*l - 5. Is v(o) composite?
True
Suppose q - 3*q + 3*y = -15434, 5*y = 0. Is q composite?
False
Let j = 71 + -75. Is (-1*(-8828)/j)/(-1) + -4 a prime number?
True
Let p(l) = l**3 + 7*l**2 + 6*l + 10. Let n be p(-6). Let t = n + -24. Let c = t - -